remainder when 3419 is divided by 48?
11
What is the remainder when 1219 is divided by 61?
60
Calculate the remainder when 4545 is divided by 65.
60
Calculate the remainder when 783 is divided by 3.
0
What is the remainder when 38 is divided by 34?
4
Calculate the remainder when 1247 is divided by 52.
51
What is the remainder when 2896 is divided by 574?
26
Calculate the remainder when 149 is divided by 24.
5
Calculate the remainder when 61 is divided by 18.
7
Calculate the remainder when 248 is divided by 23.
18
Calculate the remainder when 426 is divided by 131.
33
Calculate the remainder when 51 is divided by 8.
3
What is the remainder when 178 is divided by 48?
34
What is the remainder when 4596 is divided by 107?
102
What is the remainder when 218 is divided by 45?
38
Calculate the remainder when 368 is divided by 179.
10
Calculate the remainder when 151 is divided by 72.
7
What is the remainder when 2522 is divided by 40?
2
What is the remainder when 408 is divided by 111?
75
What is the remainder when 512 is divided by 19?
18
Calculate the remainder when 584 is divided by 31.
26
Calculate the remainder when 3248 is divided by 50.
48
What is the remainder when 10129 is divided by 562?
13
What is the remainder when 541 is divided by 26?
21
What is the remainder when 451 is divided by 68?
43
What is the remainder when 297 is divided by 35?
17
Calculate the remainder when 384 is divided by 43.
40
Calculate the remainder when 803 is divided by 34.
21
What is the remainder when 61 is divided by 22?
17
What is the remainder when 1699 is divided by 63?
61
Calculate the remainder when 412 is divided by 22.
16
Calculate the remainder when 384 is divided by 66.
54
What is the remainder when 2638 is divided by 262?
18
What is the remainder when 52 is divided by 19?
14
What is the remainder when 326 is divided by 30?
26
Calculate the remainder when 305 is divided by 9.
8
Calculate the remainder when 369 is divided by 83.
37
What is the remainder when 864 is divided by 43?
4
What is the remainder when 41 is divided by 40?
1
Calculate the remainder when 1102 is divided by 69.
67
What is the remainder when 196 is divided by 11?
9
What is the remainder when 832 is divided by 209?
205
Calculate the remainder when 597 is divided by 86.
81
What is the remainder when 74 is divided by 13?
9
What is the remainder when 691 is divided by 224?
19
Calculate the remainder when 1188 is divided by 386.
30
Calculate the remainder when 699 is divided by 39.
36
Calculate the remainder when 113 is divided by 13.
9
Calculate the remainder when 169 is divided by 61.
47
Calculate the remainder when 65 is divided by 54.
11
Calculate the remainder when 126 is divided by 15.
6
What is the remainder when 2709 is divided by 118?
113
What is the remainder when 256 is divided by 86?
84
What is the remainder when 91 is divided by 32?
27
Calculate the remainder when 634 is divided by 53.
51
Calculate the remainder when 896 is divided by 154.
126
Calculate the remainder when 2073 is divided by 258.
9
Calculate the remainder when 215 is divided by 105.
5
What is the remainder when 124 is divided by 6?
4
Calculate the remainder when 1052 is divided by 212.
204
What is the remainder when 10926 is divided by 4?
2
Calculate the remainder when 6271 is divided by 10.
1
What is the remainder when 631 is divided by 4?
3
Calculate the remainder when 2519 is divided by 72.
71
What is the remainder when 491 is divided by 151?
38
What is the remainder when 214 is divided by 20?
14
Calculate the remainder when 2626 is divided by 36.
34
Calculate the remainder when 227 is divided by 33.
29
What is the remainder when 110 is divided by 69?
41
Calculate the remainder when 1468 is divided by 113.
112
Calculate the remainder when 297 is divided by 133.
31
What is the remainder when 229 is divided by 56?
5
What is the remainder when 49 is divided by 14?
7
What is the remainder when 234 is divided by 82?
70
What is the remainder when 916 is divided by 18?
16
What is the remainder when 168 is divided by 58?
52
Calculate the remainder when 296 is divided by 27.
26
What is the remainder when 195 is divided by 11?
8
Calculate the remainder when 3631 is divided by 23.
20
What is the remainder when 426 is divided by 49?
34
Calculate the remainder when 320 is divided by 9.
5
What is the remainder when 843 is divided by 47?
44
What is the remainder when 30 is divided by 24?
6
Calculate the remainder when 59 is divided by 20.
19
What is the remainder when 815 is divided by 201?
11
Calculate the remainder when 4792 is divided by 192.
184
Calculate the remainder when 818 is divided by 13.
12
What is the remainder when 1084 is divided by 155?
154
What is the remainder when 1711 is divided by 7?
3
Calculate the remainder when 50 is divided by 31.
19
Calculate the remainder when 1374 is divided by 9.
6
Calculate the remainder when 4687 is divided by 389.
19
Calculate the remainder when 524 is divided by 189.
146
Calculate the remainder when 1239 is divided by 248.
247
Calculate the remainder when 93 is divided by 77.
16
What is the remainder when 421 is divided by 201?
19
Calculate the remainder when 35 is divided by 10.
5
What is the remainder when 146 is divided by 138?
8
What is the remainder when 3871 is divided by 11?
10
What is the remainder when 123 is divided by 48?
27
Calculate the remainder when 855 is divided by 116.
43
What is the remainder when 30 is divided by 26?
4
What is the remainder when 1529 is divided by 27?
17
What is the remainder when 688 is divided by 224?
16
Calculate the remainder when 203 is divided by 32.
11
Calculate the remainder when 2481 is divided by 108.
105
Calculate the remainder when 31 is divided by 8.
7
What is the remainder when 401 is divided by 67?
66
What is the remainder when 14546 is divided by 75?
71
Calculate the remainder when 462 is divided by 8.
6
Calculate the remainder when 643 is divided by 46.
45
What is the remainder when 3446 is divided by 25?
21
Calculate the remainder when 1438 is divided by 161.
150
What is the remainder when 1129 is divided by 560?
9
What is the remainder when 48 is divided by 13?
9
Calculate the remainder when 531 is divided by 10.
1
Calculate the remainder when 463 is divided by 152.
7
Calculate the remainder when 48 is divided by 16.
0
What is the remainder when 1988 is divided by 990?
8
What is the remainder when 155 is divided by 26?
25
What is the remainder when 1138 is divided by 67?
66
Calculate the remainder when 783 is divided by 157.
155
Calculate the remainder when 79 is divided by 21.
16
Calculate the remainder when 3933 is divided by 8.
5
Calculate the remainder when 77 is divided by 41.
36
What is the remainder when 149 is divided by 65?
19
What is the remainder when 858 is divided by 857?
1
What is the remainder when 52 is divided by 16?
4
What is the remainder when 101 is divided by 27?
20
Calculate the remainder when 5797 is divided by 116.
113
What is the remainder when 20 is divided by 7?
6
Calculate the remainder when 119 is divided by 33.
20
Calculate the remainder when 1072 is divided by 47.
38
What is the remainder when 52 is divided by 3?
1
What is the remainder when 4085 is divided by 14?
11
What is the remainder when 3607 is divided by 259?
240
Calculate the remainder when 1142 is divided by 127.
126
Calculate the remainder when 473 is divided by 150.
23
Calculate the remainder when 2521 is divided by 29.
27
What is the remainder when 25 is divided by 9?
7
Calculate the remainder when 74 is divided by 8.
2
Calculate the remainder when 188 is divided by 157.
31
What is the remainder when 142 is divided by 39?
25
Calculate the remainder when 10 is divided by 7.
3
Calculate the remainder when 3906 is divided by 975.
6
What is the remainder when 116 is divided by 15?
11
What is the remainder when 609 is divided by 452?
157
Calculate the remainder when 775 is divided by 97.
96
Calculate the remainder when 426 is divided by 135.
21
What is the remainder when 916 is divided by 90?
16
Calculate the remainder when 5732 is divided by 16.
4
What is the remainder when 59 is divided by 18?
5
Calculate the remainder when 406 is divided by 71.
51
Calculate the remainder when 3526 is divided by 42.
40
What is the remainder wh